 3069.
33
What is the greatest common divisor of 5316 and 216?
12
What is the greatest common divisor of 200 and 150?
50
Calculate the highest common divisor of 4 and 1856.
4
What is the highest common factor of 22 and 2519?
11
Calculate the greatest common divisor of 116 and 29522.
58
Calculate the greatest common factor of 60 and 2580.
60
Calculate the greatest common factor of 28 and 13916.
28
Calculate the highest common factor of 2150 and 10.
10
Calculate the highest common factor of 28 and 2092.
4
Calculate the highest common factor of 12 and 1698.
6
Calculate the greatest common divisor of 1 and 274.
1
Calculate the greatest common factor of 84 and 52.
4
What is the greatest common divisor of 48 and 7920?
48
Calculate the highest common divisor of 76 and 7372.
76
What is the greatest common divisor of 11 and 44?
11
What is the highest common divisor of 6 and 252?
6
Calculate the greatest common divisor of 130 and 1664.
26
What is the greatest common factor of 15 and 24?
3
What is the greatest common divisor of 92 and 644?
92
Calculate the highest common divisor of 95 and 3805.
5
What is the greatest common divisor of 282 and 611?
47
What is the highest common divisor of 28 and 100?
4
Calculate the greatest common divisor of 158 and 8374.
158
What is the greatest common divisor of 56 and 1736?
56
Calculate the highest common factor of 124 and 1674.
62
Calculate the highest common divisor of 15 and 120.
15
Calculate the highest common factor of 175 and 42.
7
Calculate the highest common factor of 4189 and 284.
71
What is the greatest common factor of 1957 and 206?
103
Calculate the highest common factor of 104 and 234.
26
Calculate the highest common divisor of 141 and 235.
47
What is the highest common factor of 39 and 1027?
13
What is the greatest common factor of 40 and 470?
10
What is the highest common divisor of 1500 and 390?
30
Calculate the highest common factor of 3835 and 260.
65
Calculate the highest common factor of 94 and 611.
47
What is the greatest common divisor of 34 and 527?
17
Calculate the highest common factor of 327 and 3.
3
Calculate the highest common factor of 765 and 135.
45
Calculate the highest common divisor of 115 and 40.
5
Calculate the highest common factor of 1536 and 6.
6
Calculate the highest common factor of 1152 and 36.
36
Calculate the highest common factor of 459 and 1107.
27
Calculate the greatest common divisor of 832 and 26.
26
What is the highest common divisor of 35 and 658?
7
Calculate the greatest common divisor of 416 and 728.
104
What is the greatest common divisor of 19 and 43187?
19
Calculate the greatest common factor of 14 and 1099.
7
What is the greatest common divisor of 1737 and 72?
9
Calculate the greatest common divisor of 25 and 120.
5
Calculate the highest common factor of 27 and 1359.
9
What is the highest common divisor of 41 and 6437?
41
Calculate the highest common factor of 60 and 1840.
20
What is the highest common divisor of 70 and 13970?
10
Calculate the greatest common factor of 3675 and 350.
175
Calculate the greatest common factor of 26 and 663.
13
What is the highest common factor of 250 and 10?
10
Calculate the greatest common factor of 526 and 13939.
263
Calculate the greatest common divisor of 21 and 7728.
21
What is the highest common factor of 21 and 77?
7
Calculate the highest common divisor of 886 and 2.
2
What is the highest common factor of 22 and 9416?
22
What is the highest common factor of 475 and 2565?
95
What is the greatest common factor of 1378 and 1166?
106
What is the greatest common factor of 242 and 110?
22
What is the greatest common divisor of 33 and 4356?
33
What is the greatest common factor of 17465 and 35?
35
What is the greatest common divisor of 2 and 54?
2
What is the highest common divisor of 4 and 54?
2
Calculate the greatest common divisor of 459 and 34.
17
Calculate the greatest common factor of 390 and 8515.
65
Calculate the greatest common divisor of 4 and 46.
2
What is the greatest common divisor of 180 and 120?
60
Calculate the greatest common factor of 649 and 1177.
11
What is the greatest common factor of 57 and 57?
57
Calculate the greatest common divisor of 99 and 27.
9
Calculate the highest common divisor of 1550 and 93.
31
What is the highest common divisor of 352 and 55?
11
What is the greatest common factor of 1288 and 7?
7
What is the greatest common divisor of 150 and 12450?
150
Calculate the highest common factor of 110 and 190.
10
What is the highest common factor of 10 and 3490?
10
Calculate the greatest common factor of 357 and 816.
51
What is the highest common factor of 924 and 252?
84
Calculate the greatest common factor of 126 and 99.
9
What is the highest common divisor of 46 and 5842?
46
What is the greatest common divisor of 128 and 152?
8
Calculate the greatest common divisor of 30 and 1155.
15
Calculate the greatest common divisor of 364 and 266.
14
Calculate the greatest common factor of 36 and 306.
18
Calculate the highest common divisor of 672 and 70.
14
What is the greatest common divisor of 4416 and 32?
32
What is the highest common divisor of 324 and 900?
36
Calculate the greatest common divisor of 80 and 1000.
40
What is the greatest common divisor of 8232 and 56?
56
Calculate the highest common divisor of 31 and 403.
31
Calculate the greatest common divisor of 280 and 350.
70
Calculate the greatest common divisor of 92 and 46.
46
Calculate the greatest common divisor of 6251 and 133.
133
What is the highest common divisor of 21 and 63?
21
What is the highest common divisor of 2698 and 19?
19
What is the greatest common divisor of 2632 and 47?
47
Calculate the greatest common divisor of 319 and 1479.
29
What is the greatest common factor of 54 and 54?
54
Calculate the highest common factor of 48 and 12.
12
Calculate the greatest common divisor of 548 and 12.
4
What is the highest common divisor of 32 and 18784?
32
Calculate the highest common divisor of 228 and 342.
114
Calculate the highest common divisor of 429 and 117.
39
What is the highest common divisor of 60 and 60?
60
Calculate the highest common divisor of 342 and 477.
9
Calculate the highest common factor of 126 and 54.
18
Calculate the greatest common divisor of 3096 and 18.
18
Calculate the greatest common factor of 2006 and 102.
34
What is the greatest common factor of 540 and 330?
30
Calculate the greatest common factor of 46 and 506.
46
What is the greatest common factor of 999 and 45?
9
Calculate the highest common factor of 60 and 940.
20
Calculate the greatest common factor of 24 and 184.
8
Calculate the greatest common divisor of 148 and 39812.
148
Calculate the highest common divisor of 3807 and 63.
9
Calculate the highest common divisor of 13428 and 8.
4
What is the highest common factor of 312 and 6448?
104
What is the highest common divisor of 490 and 1323?
49
Calculate the greatest common factor of 143 and 11297.
143
Calculate the highest common factor of 3202 and 2.
2
Calculate the greatest common factor of 195 and 55380.
195
Calculate the highest common factor of 42 and 273.
21
What is the greatest common divisor of 23 and 4?
1
Calculate the greatest common divisor of 162 and 9126.
54
Calculate the highest common divisor of 176 and 33.
11
What is the greatest common factor of 697 and 41?
41
Calculate the highest common divisor of 3422 and 116.
58
Calculate the highest common divisor of 15 and 96.
3
Calculate the greatest common divisor of 355 and 1562.
71
What is the greatest common divisor of 8 and 88?
8
Calculate the highest common factor of 105 and 56.
7
What is the highest common factor of 70 and 14?
14
What is the highest common divisor of 88 and 869?
11
What is the greatest common divisor of 1430 and 330?
110
Calculate the greatest common factor of 2057 and 2244.
187
Calculate the greatest common divisor of 1012 and 5428.
92
What is the highest common factor of 148464 and 144?
144
Calculate the greatest common divisor of 2286 and 18.
18
Calculate the greatest common divisor of 24 and 72.
24
What is the highest common factor of 210 and 714?
42
Calculate the highest common divisor of 1568 and 98.
98
What is the greatest common factor of 70 and 336?
14
Calculate the greatest common factor of 1113 and 2544.
159
Calculate